 by m/(2/6) + 18.
19
What is the remainder when 149/745 + 748/10 + 2 is divided by 2/(-8) + (-162)/(-8)?
17
Suppose -5*m + 13 = -2*o - 51, -73 = -5*m - o. What is the remainder when 86 is divided by m?
2
Calculate the remainder when 428 is divided by ((-27)/54)/(219/(-218) + 1).
101
Suppose -3*u + 6*u - 12 = 0, -m = -u - 6. Suppose 4*g - 1033 = -317. Calculate the remainder when g is divided by m.
9
Let d = 37 - 25. Let w(s) = -s + 3*s**3 - 6 - 51*s**2 + 24*s**2 + 24*s**2. Calculate the remainder when w(3) is divided by d.
9
Let j(v) = -15*v + 3. Let m be -4 + 5 - (6 + 1). Let z be j(m). What is the remainder when 2/(-7) + z/7 is divided by 8?
5
Let a = -68 - -134. Let s = a + -46. Let u = 32 - s. What is the remainder when u is divided by 5?
2
Suppose 2*g - 4*i = -6, -g + 2*g - 5*i = -15. Suppose 3*q + 19 = q + c, g*c = 25. Let w = q + 34. Calculate the remainder when w is divided by 7.
6
Let p(f) = f**2 + 7*f - 5. Let g(h) = -h + 3. Suppose -3*n = -2*a + 4, -2*n + 13 = 2*n + a. Calculate the remainder when p(-8) is divided by g(n).
0
Suppose -2 = -2*y, 0 = 3*u - 6*u - 5*y + 32. Suppose -3*j + 0*s = -5*s - 179, 4*s = j - 55. Let b = 97 - j. What is the remainder when b is divided by u?
7
Let b(d) = -2*d + 3 - 2 - 2*d. Let y(q) = -1012*q - 2018. What is the remainder when y(-2) is divided by b(-1)?
1
Suppose 1875*k - 1880*k + 10800 = 0. Calculate the remainder when k is divided by 103.
100
Suppose -1072 = -3*n - 5*q, -1468 = -4*n - 0*q + 3*q. Calculate the remainder when n is divided by 73.
72
Calculate the remainder when ((-3729)/(-9))/11 - 4/6 is divided by 31.
6
Let i = 7 - 1. Suppose 3*p - 60 = -5*r, -4*p + r = i*r - 85. What is the remainder when 72 is divided by p?
22
Suppose 3*y = 5*w - 0*y - 1043, -438 = -2*w - 4*y. What is the remainder when w is divided by 53?
52
Suppose 2*z + 17 = 3*z. Suppose 2*i - 3*d - 6 = 0, -i = -3*i + 5*d + 14. What is the remainder when 3/(-18)*i*100 is divided by z?
16
Let b(c) = 2*c**2 + 13*c - 16. Calculate the remainder when 87 is divided by b(-8).
7
Let s(y) = 3*y**2 + 9*y - 8. Let b be s(5). Suppose 2*v - b = 4*v. Let f = -30 - v. What is the remainder when f is divided by 15?
11
Let w be (0 - -3)*24/54*-6. What is the remainder when 60 is divided by w/((2/(-3))/(16/12))?
12
Let f be ((-12)/5)/((-133)/35 + 4). Let a(d) = -4*d + 13. Let h(q) = -2*q + 7. Let i(x) = -4*a(x) + 9*h(x). Calculate the remainder when i(f) is divided by 9.
8
Suppose l = -3*l + 132. Let a(c) = -c + 1. Let t(n) = 8*n + 20. Let g(y) = -a(y) - t(y). What is the remainder when g(-12) is divided by l?
30
Suppose 109*j = 107*j + 110. Calculate the remainder when j is divided by 25.
5
Suppose -2 - 138 = 4*s + 2*d, -4*d = s + 35. Let p = 50 + s. Calculate the remainder when 42 is divided by p.
12
Let o = -148 - -152. Calculate the remainder when 91 is divided by o.
3
Let n(r) = 9*r**2 - 11*r + 2. Calculate the remainder when 1618 is divided by n(-2).
58
Suppose 137 = 4*s - 5*w, w = -1 - 4. Let k = 30 - s. Suppose 40 = -k*l + 7*l. Calculate the remainder when 30 is divided by l.
6
Suppose -30 = 38*w - 48*w. Suppose 121 = 3*g + 2*t, 2*g - 3*t - 75 = -w. Suppose i - 4 - 10 = 0. Calculate the remainder when g is divided by i.
11
Suppose 5*x - 36 = n, x = 2*n + 2*n + 11. Calculate the remainder when x is divided by (2/(-4))/(1/(-6)).
1
Suppose 6*i = 3*i + 12. Suppose -14 = -2*t - 5*p, t - i*p - 5 = -7*p. Calculate the remainder when t is divided by 6.
5
Let o(r) = -22*r - 43. Let v be o(-10). Let d = v - 90. What is the remainder when d is divided by 30?
27
Let i(s) = 34*s - 3. Let a = 77 - 76. What is the remainder when i(a) is divided by 17?
14
What is the remainder when (-3165)/6*(-12)/30 is divided by 54?
49
Let k be (1 - 4)/(21/(-35)). Let q be 5*((-2)/k + -2). Calculate the remainder when (-4)/q + 420/9 is divided by 24.
23
What is the remainder when 0 - (-23 + 15)*18/4 is divided by 13?
10
Let h = 1 + 4. Suppose 3*o + 5*n + 10 = 42, 0 = -5*n + h. Let b(k) = 5*k**2 - 2*k + 2. What is the remainder when o is divided by b(1)?
4
Let u(c) = -33*c - 403. What is the remainder when u(-21) is divided by 25?
15
Suppose 0 = 5*l - 2*c - 103, 3*c = 7*c - 4. Let w(u) = u**3 + 4*u**2 - 5*u + 4*u + 8 + 3*u. Calculate the remainder when l is divided by w(-3).
10
Let j(q) = 4 + 8*q - 2 - 2*q - 4. Suppose 0 = 4*o - 0*o + 12, 0 = -n + 4*o + 18. Calculate the remainder when j(5) is divided by n.
4
Let o(h) = -h**3 - 13*h**2 - 34*h - 31. What is the remainder when 261 is divided by o(-10)?
0
Suppose -8 = -2*a - 3*a + 2*y, 4*y + 16 = 2*a. Suppose u - 2*u + 11 = j, a = -3*j - u + 41. What is the remainder when (1624/3)/28*(0 + 3) is divided by j?
13
Let a(p) = -p**2 + 12*p - 4. Calculate the remainder when 252 is divided by a(6).
28
Let x be (-2 - 5)*8/(-4). Suppose 0 = p - x + 2. Let y(h) = h**3 + 6*h**2 - 11*h - 5. Calculate the remainder when y(-7) is divided by p.
11
Suppose 0 = -5*g + 30 - 5. Suppose 5*x - g*b - 28 = 12, -5*x - 3*b = -64. Suppose x = 2*w - 11. What is the remainder when 32 is divided by w?
10
Let x be -732*(-2 - 10/(-6)). Suppose 17*q - x = 13*q. What is the remainder when q is divided by 32?
29
Suppose -17*r + 355 = -12*r. Calculate the remainder when 282 is divided by r.
69
Suppose 176 = -12*m + 284. What is the remainder when 17 is divided by m?
8
Let d(b) = b**2 - 19*b - 54. What is the remainder when 141 is divided by d(24)?
9
Let u(a) = -26*a**2 - a - 1. Let z be u(5). What is the remainder when 1*(z/12 - 1)*-3 is divided by 12?
11
Let l(i) = -2*i**3 - 3*i**2 + 2*i + 4. Let q be l(-2). Suppose -w + 2*w + y = 9, 0 = -q*w - y + 51. Calculate the remainder when 40 is divided by w.
12
Suppose -5*v - 45 = -i, -v - 83 = -3*i + 80. Calculate the remainder when 227 is divided by i.
7
Suppose -27*w = -32*w + 45. Calculate the remainder when 20 is divided by w.
2
Suppose 56 - 133 = -p. Suppose 2*o + 91 + 181 = 0. Let l = o + 149. What is the remainder when p is divided by l?
12
Let u = 112 - 76. Suppose -l - u = -7*l. What is the remainder when l is divided by 5?
1
Let s(x) = 6*x**3 - 7*x**2 - 6*x + 10. Let o(z) = -7*z**3 + 8*z**2 + 6*z - 11. Let t(k) = 4*o(k) + 5*s(k). What is the remainder when t(4) is divided by 32?
30
Suppose 5*o + 24 = 2*z, -2*z - o + 4 = 2*z. Suppose -3*f + 4*f + n - 35 = 0, 0 = 5*f + z*n - 172. What is the remainder when f is divided by 15?
4
Let q(f) = f**3 + 5*f**2 + 3*f + 5. Suppose -9*u + 20*u = -33. What is the remainder when 54 is divided by q(u)?
12
Let s(q) = 12*q + 137. Calculate the remainder when s(-10) is divided by 15.
2
Suppose 40 = 6*g + 4. Calculate the remainder when 131 is divided by g.
5
Suppose 0 = -3*z + j + 1656, z - 544 = 2*j + j. Calculate the remainder when z is divided by 15.
13
Let p(b) = 4*b + 71. Let i(f) = 3*f + 70. Let l(n) = 5*i(n) - 4*p(n). Calculate the remainder when l(10) is divided by 30.
26
Let t(p) = 2*p**2 + p - 11. Let u be t(-6). Suppose -4*l - l - 3*w = -u, 5*w - 17 = l. What is the remainder when 117 is divided by l/20 - 472/(-20)?
21
Let b = -16 - -20. Suppose 3*q - b*p = -0*p + 1, q - 3*p + 3 = 0. Suppose -m + 8 + 9 = -3*n, 5*m - q*n = 37. What is the remainder when 7 is divided by m?
2
Suppose 0 = -0*l - 2*l - 2*m - 10, -5 = m. Suppose 2*n - 5 = 11. Suppose l = n*w - 12*w + 116. What is the remainder when 56 is divided by w?
27
Let q = -17 + 17. Suppose 2*d + q*d + 10 = 0. Let s = 22 + d. What is the remainder when 31 is divided by s?
14
Let n = 13 - 18. Let w be n*-2*(-4)/(-20). Suppose 0 = j + w - 3. Calculate the remainder when j is divided by 1.
0
Suppose 0 = -5*c - 877 - 173. Calculate the remainder when 1/(4/(-2))*c is divided by (108/(-16))/(2/(-8)).
24
Let l = 19 + -1. Let m(s) = 12*s + 3*s**3 - 31*s**2 + 18*s**2 - 2*s**3 + 10. What is the remainder when l is divided by m(12)?
8
Let d be (12 - 16)*3/(-4). Suppose 3*m + 0 - d = 0. What is the remainder when 2 is divided by m?
0
Suppose -5*w + 11*n = 5*n - 780, 3*w + 3*n - 435 = 0. Calculate the remainder when w is divided by 42.
24
Let x(c) = -3*c + 74. What is the remainder when 396 is divided by x(-2)?
76
Let o be (1 - 0) + (10/5)/2. Calculate the remainder when 31 + (0 - (o - 6)) is divided by 9.
8
Let x = 67 + -14. Calculate the remainder when 158 is divided by x.
52
Let c be 13/3 - (-1)/(-3). Suppose 15 